{"id":16825,"date":"2025-04-07T08:51:26","date_gmt":"2025-04-07T06:51:26","guid":{"rendered":"https:\/\/www.prus.sosnowiec.pl\/?page_id=16825"},"modified":"2025-04-07T14:22:52","modified_gmt":"2025-04-07T12:22:52","slug":"hala-sportowa","status":"publish","type":"page","link":"https:\/\/www.prus.sosnowiec.pl\/index.php\/hala-sportowa\/","title":{"rendered":"Hala Sportowa"},"content":{"rendered":"<p><strong>Warunki rezerwacji terminu na hali Olimpia &nbsp;w roku 2025:<\/strong><\/p>\n<ol>\n<li>W terminie minimum jednego tygodnia wcze\u015bniej, nale\u017cy&nbsp; przes\u0142a\u0107 zapytanie drog\u0105 elektroniczn\u0105 na adres <a href=\"mailto:lo3@sosnowiec.edu.pl\">lo3@sosnowiec.edu.pl<\/a>&nbsp; o mo\u017cliwo\u015bci rezerwacji hali.<\/li>\n<li>Decyduje kolejno\u015b\u0107 zg\u0142osze\u0144 drog\u0105 elektroniczn\u0105.<\/li>\n<li>Harmonogram jest aktualizowany raz w tygodniu.<\/li>\n<\/ol>\n<p>&nbsp;<\/p>\n<p>&nbsp;<\/p>\n<p><strong>Harmonogram&nbsp; na Hal\u0119 Olimpia &nbsp;w roku 2025<\/strong><\/p>\n<p>&nbsp;<\/p>\n<table style=\"height: 892px;\" width=\"700\">\n<tbody>\n<tr>\n<td width=\"160\">PONIEDZIA\u0141EK<\/td>\n<td width=\"189\">WTOREK<\/td>\n<td width=\"154\">\u015aRODA<\/td>\n<td width=\"159\">CZWARTEK<\/td>\n<td width=\"153\">PI\u0104TEK<\/td>\n<td width=\"133\">SOBOTA<\/td>\n<td width=\"135\">NIEDZIELA<\/td>\n<\/tr>\n<tr>\n<td width=\"160\">17.00 \u2013 18.00<\/p>\n<p>Akademia Zag\u0142\u0119bia<\/p>\n<p>&nbsp;<\/td>\n<td width=\"189\">17.00 \u2013 18.00<\/p>\n<p>Akademia<\/p>\n<p>Zag\u0142\u0119bia<\/p>\n<p>&nbsp;<\/td>\n<td width=\"154\">17.00 \u2013 18.00<\/p>\n<p>Akademia Zag\u0142\u0119bia<\/p>\n<p>&nbsp;<\/td>\n<td width=\"159\">17.00 \u2013 18.00<\/p>\n<p>Akademia Zag\u0142\u0119bia<\/p>\n<p>&nbsp;<\/td>\n<td width=\"153\">17.00 \u2013 18.00<\/p>\n<p>Akademia Zag\u0142\u0119bia<\/p>\n<p>&nbsp;<\/td>\n<td width=\"133\">10.00-11.00<\/p>\n<p>Akademia Zag\u0142\u0119bia<\/td>\n<td width=\"135\">10.00 \u2013 11.00<\/td>\n<\/tr>\n<tr>\n<td width=\"160\">18.00 \u2013 19.00<\/p>\n<p>Akademia Zag\u0142\u0119bia<\/p>\n<p>&nbsp;<\/p>\n<p>&nbsp;<\/td>\n<td width=\"189\">18.00 \u2013 19.00<\/p>\n<p>Akademia<\/p>\n<p>Zag\u0142\u0119bia<\/p>\n<p>&nbsp;<\/p>\n<p>&nbsp;<\/td>\n<td width=\"154\">18.00 \u2013 19.00<\/p>\n<p>Akademia Zag\u0142\u0119bia<\/p>\n<p>&nbsp;<\/p>\n<p>&nbsp;<\/td>\n<td width=\"159\">18.00 \u2013 19.00<\/p>\n<p>Akademia Zag\u0142\u0119bia<\/p>\n<p>&nbsp;<\/p>\n<p>&nbsp;<\/td>\n<td width=\"153\">18.00 \u2013 19.00<\/p>\n<p>Akademia Zag\u0142\u0119bia<\/p>\n<p>&nbsp;<\/p>\n<p>&nbsp;<\/td>\n<td width=\"133\">11.00 \u2013 12.00<\/p>\n<p>Akademia Zag\u0142\u0119bia<\/td>\n<td width=\"135\">11.00 \u2013 12.00<\/td>\n<\/tr>\n<tr>\n<td width=\"160\">19.00 \u2013 20.00<\/p>\n<p>Akademia Zag\u0142\u0119bia<\/p>\n<p>&nbsp;<\/td>\n<td width=\"189\">19.00 \u2013 20.00<\/p>\n<p>Akademia<\/p>\n<p>Zag\u0142\u0119bia<\/p>\n<p>&nbsp;<\/td>\n<td width=\"154\">19.00 \u2013 20.00<\/p>\n<p>Akademia Zag\u0142\u0119bia<\/p>\n<p>&nbsp;<\/td>\n<td width=\"159\">19.00 \u2013 20.00<\/p>\n<p>Akademia Zag\u0142\u0119bia<\/p>\n<p>&nbsp;<\/td>\n<td width=\"153\">19.00 \u2013 20.00<\/p>\n<p>Akademia Zag\u0142\u0119bia<\/p>\n<p>&nbsp;<\/td>\n<td width=\"133\">12.00 &#8211; 13.00<\/p>\n<p>Akademia Zag\u0142\u0119bia<\/td>\n<td width=\"135\">12.00 \u2013 13.00<\/td>\n<\/tr>\n<tr>\n<td width=\"160\"><strong>&nbsp;<\/strong><\/p>\n<p>&nbsp;<\/td>\n<td width=\"189\"><strong>&nbsp;<\/strong><\/td>\n<td width=\"154\"><strong>&nbsp;<\/strong><\/td>\n<td width=\"159\"><strong>&nbsp;<\/strong><\/td>\n<td width=\"153\"><strong>&nbsp;<\/strong><\/td>\n<td width=\"133\">13.00 &#8211; 14.00<\/td>\n<td width=\"135\">13.00 \u2013 14.00<\/p>\n<p>&nbsp;<\/p>\n<p>&nbsp;<\/p>\n<p>&nbsp;<\/td>\n<\/tr>\n<tr>\n<td width=\"160\"><strong>&nbsp;<\/strong><\/p>\n<p><strong>&nbsp;<\/strong><\/p>\n<p><strong>&nbsp;<\/strong><\/td>\n<td width=\"189\"><strong>&nbsp;<\/strong><\/td>\n<td width=\"154\">&nbsp;<\/td>\n<td width=\"159\">&nbsp;<\/td>\n<td width=\"153\">&nbsp;<\/td>\n<td width=\"133\">14.00 &#8211; 15.00<\/td>\n<td width=\"135\">14.00 \u2013 15.00<\/p>\n<p>&nbsp;<\/p>\n<p>&nbsp;<\/p>\n<p>&nbsp;<\/td>\n<\/tr>\n<\/tbody>\n<\/table>\n<p><strong>&nbsp;<\/strong><\/p>\n","protected":false},"excerpt":{"rendered":"<p>Warunki rezerwacji terminu na hali Olimpia &nbsp;w roku 2025: W terminie minimum jednego tygodnia wcze\u015bniej, nale\u017cy&nbsp; przes\u0142a\u0107 zapytanie drog\u0105 elektroniczn\u0105 na adres lo3@sosnowiec.edu.pl&nbsp; o mo\u017cliwo\u015bci rezerwacji hali. Decyduje kolejno\u015b\u0107 zg\u0142osze\u0144 drog\u0105 elektroniczn\u0105. Harmonogram jest aktualizowany raz w tygodniu. &nbsp; &nbsp; Harmonogram&nbsp; na Hal\u0119 Olimpia &nbsp;w roku 2025 &nbsp; PONIEDZIA\u0141EK WTOREK \u015aRODA CZWARTEK PI\u0104TEK SOBOTA NIEDZIELA [&hellip;]<\/p>\n","protected":false},"author":9,"featured_media":0,"parent":0,"menu_order":0,"comment_status":"closed","ping_status":"closed","template":"","meta":{"ngg_post_thumbnail":0,"footnotes":"","_links_to":"","_links_to_target":""},"class_list":["post-16825","page","type-page","status-publish","hentry"],"_links":{"self":[{"href":"https:\/\/www.prus.sosnowiec.pl\/index.php\/wp-json\/wp\/v2\/pages\/16825","targetHints":{"allow":["GET"]}}],"collection":[{"href":"https:\/\/www.prus.sosnowiec.pl\/index.php\/wp-json\/wp\/v2\/pages"}],"about":[{"href":"https:\/\/www.prus.sosnowiec.pl\/index.php\/wp-json\/wp\/v2\/types\/page"}],"author":[{"embeddable":true,"href":"https:\/\/www.prus.sosnowiec.pl\/index.php\/wp-json\/wp\/v2\/users\/9"}],"replies":[{"embeddable":true,"href":"https:\/\/www.prus.sosnowiec.pl\/index.php\/wp-json\/wp\/v2\/comments?post=16825"}],"version-history":[{"count":6,"href":"https:\/\/www.prus.sosnowiec.pl\/index.php\/wp-json\/wp\/v2\/pages\/16825\/revisions"}],"predecessor-version":[{"id":16867,"href":"https:\/\/www.prus.sosnowiec.pl\/index.php\/wp-json\/wp\/v2\/pages\/16825\/revisions\/16867"}],"wp:attachment":[{"href":"https:\/\/www.prus.sosnowiec.pl\/index.php\/wp-json\/wp\/v2\/media?parent=16825"}],"curies":[{"name":"wp","href":"https:\/\/api.w.org\/{rel}","templated":true}]}}