{"id":1795,"date":"2018-01-16T11:25:55","date_gmt":"2018-01-16T10:25:55","guid":{"rendered":"http:\/\/serwer1476418.home.pl\/new\/?page_id=1795"},"modified":"2022-03-23T10:08:47","modified_gmt":"2022-03-23T09:08:47","slug":"zajecia-dodatkowe","status":"publish","type":"page","link":"https:\/\/www.prus.sosnowiec.pl\/index.php\/dla-ucznia\/zajecia-dodatkowe\/","title":{"rendered":"Klub Mistrzostwa J\u0119zykowego"},"content":{"rendered":"<p style=\"text-align: center;\"><a href=\"http:\/\/www.prus.sosnowiec.pl\/index.php\/dla-ucznia\/zajecia-dodatkowe\/jezyk-angielski\/\">J\u0119zyk angielski<\/a><\/p>\n<p style=\"text-align: center;\">J\u0119zyk niemiecki<\/p>\n<p style=\"text-align: center;\">J\u0119zyk w\u0142oski<\/p>\n<p style=\"text-align: center;\">J\u0119zyk rosyjski<\/p>\n","protected":false},"excerpt":{"rendered":"<p>J\u0119zyk angielski J\u0119zyk niemiecki J\u0119zyk w\u0142oski J\u0119zyk rosyjski<\/p>\n","protected":false},"author":9,"featured_media":0,"parent":11,"menu_order":5,"comment_status":"closed","ping_status":"closed","template":"","meta":{"ngg_post_thumbnail":0,"footnotes":"","_links_to":"","_links_to_target":""},"class_list":["post-1795","page","type-page","status-publish","hentry"],"_links":{"self":[{"href":"https:\/\/www.prus.sosnowiec.pl\/index.php\/wp-json\/wp\/v2\/pages\/1795","targetHints":{"allow":["GET"]}}],"collection":[{"href":"https:\/\/www.prus.sosnowiec.pl\/index.php\/wp-json\/wp\/v2\/pages"}],"about":[{"href":"https:\/\/www.prus.sosnowiec.pl\/index.php\/wp-json\/wp\/v2\/types\/page"}],"author":[{"embeddable":true,"href":"https:\/\/www.prus.sosnowiec.pl\/index.php\/wp-json\/wp\/v2\/users\/9"}],"replies":[{"embeddable":true,"href":"https:\/\/www.prus.sosnowiec.pl\/index.php\/wp-json\/wp\/v2\/comments?post=1795"}],"version-history":[{"count":7,"href":"https:\/\/www.prus.sosnowiec.pl\/index.php\/wp-json\/wp\/v2\/pages\/1795\/revisions"}],"predecessor-version":[{"id":9263,"href":"https:\/\/www.prus.sosnowiec.pl\/index.php\/wp-json\/wp\/v2\/pages\/1795\/revisions\/9263"}],"up":[{"embeddable":true,"href":"https:\/\/www.prus.sosnowiec.pl\/index.php\/wp-json\/wp\/v2\/pages\/11"}],"wp:attachment":[{"href":"https:\/\/www.prus.sosnowiec.pl\/index.php\/wp-json\/wp\/v2\/media?parent=1795"}],"curies":[{"name":"wp","href":"https:\/\/api.w.org\/{rel}","templated":true}]}}