{"id":6970,"date":"2021-01-14T20:47:08","date_gmt":"2021-01-14T19:47:08","guid":{"rendered":"http:\/\/www.prus.sosnowiec.pl\/?page_id=6970"},"modified":"2023-08-08T10:16:31","modified_gmt":"2023-08-08T08:16:31","slug":"doradztwo-zawodowe","status":"publish","type":"page","link":"https:\/\/www.prus.sosnowiec.pl\/index.php\/dla-ucznia\/doradztwo-zawodowe\/","title":{"rendered":"Wyprawka szkolna"},"content":{"rendered":"<p>&nbsp;<\/p>\n<p><iframe style=\"width: 100%; height: 500px;\" src=\"http:\/\/docs.google.com\/gview?url=https:\/\/serwer1476418.home.pl\/new\/wp-content\/uploads\/2023\/08\/Rzadowy-program-pomocy-uczniom-niepelnosprawnym-w-formie-dofinansowania-zakupu-podrecznikow-materialow-edukacyjnych-i-materialow-cwiczeniowych-w-2023-r-1.pdf&amp;embedded=true\" frameborder=\"0\"><\/iframe><a href=\"https:\/\/serwer1476418.home.pl\/new\/wp-content\/uploads\/2023\/08\/Rzadowy-program-pomocy-uczniom-niepelnosprawnym-w-formie-dofinansowania-zakupu-podrecznikow-materialow-edukacyjnych-i-materialow-cwiczeniowych-w-2023-r-1.pdf\">Rz\u0105dowy program pomocy uczniom niepe\u0142nosprawnym w formie dofinansowania zakupu podr\u0119cznik\u00f3w, materia\u0142\u00f3w edukacyjnych i materia\u0142\u00f3w \u0107wiczeniowych w 2023 r<\/a><\/p>\n<p>https:\/\/serwer1476418.home.pl\/new\/wp-content\/uploads\/2023\/08\/Rzadowy-program-pomocy-uczniom-niepelnosprawnym-w-formie-dofinansowania-zakupu-podrecznikow-materialow-edukacyjnych-i-materialow-cwiczeniowych-w-2023-r.pdf<\/p>\n<p>&nbsp;<\/p>\n<p>&nbsp;<\/p>\n<p>&nbsp;<\/p>\n<p>&nbsp;<\/p>\n<h6>&nbsp;<\/h6>\n<h6>&nbsp;<\/h6>\n<p>&nbsp;<\/p>\n","protected":false},"excerpt":{"rendered":"<p>&nbsp; Rz\u0105dowy program pomocy uczniom niepe\u0142nosprawnym w formie dofinansowania zakupu podr\u0119cznik\u00f3w, materia\u0142\u00f3w edukacyjnych i materia\u0142\u00f3w \u0107wiczeniowych w 2023 r https:\/\/serwer1476418.home.pl\/new\/wp-content\/uploads\/2023\/08\/Rzadowy-program-pomocy-uczniom-niepelnosprawnym-w-formie-dofinansowania-zakupu-podrecznikow-materialow-edukacyjnych-i-materialow-cwiczeniowych-w-2023-r.pdf &nbsp; &nbsp; &nbsp; &nbsp; &nbsp; &nbsp; &nbsp;<\/p>\n","protected":false},"author":10,"featured_media":0,"parent":11,"menu_order":1,"comment_status":"closed","ping_status":"closed","template":"","meta":{"ngg_post_thumbnail":0,"footnotes":"","_links_to":"","_links_to_target":""},"class_list":["post-6970","page","type-page","status-publish","hentry"],"_links":{"self":[{"href":"https:\/\/www.prus.sosnowiec.pl\/index.php\/wp-json\/wp\/v2\/pages\/6970","targetHints":{"allow":["GET"]}}],"collection":[{"href":"https:\/\/www.prus.sosnowiec.pl\/index.php\/wp-json\/wp\/v2\/pages"}],"about":[{"href":"https:\/\/www.prus.sosnowiec.pl\/index.php\/wp-json\/wp\/v2\/types\/page"}],"author":[{"embeddable":true,"href":"https:\/\/www.prus.sosnowiec.pl\/index.php\/wp-json\/wp\/v2\/users\/10"}],"replies":[{"embeddable":true,"href":"https:\/\/www.prus.sosnowiec.pl\/index.php\/wp-json\/wp\/v2\/comments?post=6970"}],"version-history":[{"count":10,"href":"https:\/\/www.prus.sosnowiec.pl\/index.php\/wp-json\/wp\/v2\/pages\/6970\/revisions"}],"predecessor-version":[{"id":12492,"href":"https:\/\/www.prus.sosnowiec.pl\/index.php\/wp-json\/wp\/v2\/pages\/6970\/revisions\/12492"}],"up":[{"embeddable":true,"href":"https:\/\/www.prus.sosnowiec.pl\/index.php\/wp-json\/wp\/v2\/pages\/11"}],"wp:attachment":[{"href":"https:\/\/www.prus.sosnowiec.pl\/index.php\/wp-json\/wp\/v2\/media?parent=6970"}],"curies":[{"name":"wp","href":"https:\/\/api.w.org\/{rel}","templated":true}]}}